{"id":142,"date":"2021-03-21T10:50:44","date_gmt":"2021-03-21T09:50:44","guid":{"rendered":"http:\/\/equalbasics.nl\/?page_id=142"},"modified":"2022-06-11T08:23:22","modified_gmt":"2022-06-11T07:23:22","slug":"gedragsdeskundige","status":"publish","type":"page","link":"https:\/\/equalbasics.nl\/","title":{"rendered":"Equal Basics"},"content":{"rendered":"\n<p>Welkom bij Equal Basics. Mijn naam is <a href=\"https:\/\/equalbasics.nl\/?page_id=27\">Coline van Nunspeet<\/a>. Ik ben gedragsdeskundige en in 2019 ben ik mijn eigen bedrijf gestart. Sinds mijn 17e werk ik in de zorg. Ik ben begonnen als begeleider. Dit heb ik gedaan in zowel de Gehandicaptenzorg, Jeugdzorg, WMO, WLZ en Forensische zorg. Na het afronden van mijn studie Psychologie heb ik mijn werk gecombineerd met gedragsdeskundig werk in dezelfde sectoren. Voor mijn scriptie heb ik onderzoek gedaan naar het effectief inzetten van de hulpverlener als middel om de cli\u00ebnt zo snel mogelijk te helpen zijn doelen te bereiken. De methodiek die hieruit is voortgevloeid is de EB-methodiek. Een benadering met respect voor het heden, verleden en toekomst van de cli\u00ebnt. <\/p>\n\n\n\n<p>Op dit moment ben ik werkzaam als <a href=\"https:\/\/equalbasics.nl\/?page_id=37\">ZZP&#8217;er<\/a> met het hart voor cli\u00ebnt, hulpverlener en opdrachtgever. Middels een positieve benadering en helikopterview probeer ik de drie samen te brengen om een zo effici\u00ebnt en effectief mogelijk traject voor de cli\u00ebnt te cre\u00ebren.<\/p>\n\n\n\n<p>Ik geloof in een diversiteit aan hulpaanbod, omdat er ook een diversiteit aan cli\u00ebnten is. Het een sluit beter aan bij de een dan bij de ander. De <a href=\"https:\/\/equalbasics.nl\/?page_id=44\">EB-methodiek<\/a> kan binnen ieder proces worden ge\u00efmplementeerd en is ook buiten de zorg toepasbaar voor sectoren die direct contact hebben met mensen. Denk hierbij aan gemeente, ziekenhuiszorg of op scholen. <\/p>\n\n\n\n<div class=\"wp-block-group\"><div class=\"wp-block-group__inner-container\"><\/div><\/div>\n\n\n\n<p><\/p>\n\n\n\n<figure class=\"wp-block-image alignfull size-large\"><a href=\"https:\/\/annemiekewesterink.blogspot.com\/\" target=\"_blank\" rel=\"eigenaar afbeelding noopener\"><img loading=\"lazy\" width=\"1024\" height=\"397\" src=\"https:\/\/equalbasics.nl\/wp-content\/uploads\/2021\/03\/3-e1616517290261-1024x397.jpg\" alt=\"\" class=\"wp-image-197\" srcset=\"https:\/\/equalbasics.nl\/wp-content\/uploads\/2021\/03\/3-e1616517290261-1024x397.jpg 1024w, https:\/\/equalbasics.nl\/wp-content\/uploads\/2021\/03\/3-e1616517290261-300x116.jpg 300w, https:\/\/equalbasics.nl\/wp-content\/uploads\/2021\/03\/3-e1616517290261-768x298.jpg 768w, https:\/\/equalbasics.nl\/wp-content\/uploads\/2021\/03\/3-e1616517290261-1536x596.jpg 1536w, https:\/\/equalbasics.nl\/wp-content\/uploads\/2021\/03\/3-e1616517290261-2048x795.jpg 2048w\" sizes=\"(max-width: 1024px) 100vw, 1024px\" \/><\/a><figcaption><sub><sup>Illustraties door Annemieke Westerink<\/sup><\/sub><\/figcaption><\/figure>\n","protected":false},"excerpt":{"rendered":"<p>Welkom bij Equal Basics. Mijn naam is Coline van Nunspeet. Ik ben gedragsdeskundige en in 2019 ben ik mijn eigen&hellip;<\/p>\n","protected":false},"author":1,"featured_media":242,"parent":0,"menu_order":0,"comment_status":"closed","ping_status":"closed","template":"","meta":[],"yoast_head":"<!-- This site is optimized with the Yoast SEO plugin v18.4.1 - https:\/\/yoast.com\/wordpress\/plugins\/seo\/ -->\n<title>Equal Basics - Equal Basics<\/title>\n<meta name=\"description\" content=\"Gedragsdeskundige met ervaring in de WMO, WLZ, Jeugdzorg, Forensische zorg en gehandicaptenzorg. Afgestudeerd als psycholoog, Psycholoog NIP en SKJ-geregistreerd in de kamer van Psychologen.\" \/>\n<meta name=\"robots\" content=\"index, follow, max-snippet:-1, max-image-preview:large, max-video-preview:-1\" \/>\n<link rel=\"canonical\" href=\"https:\/\/equalbasics.nl\/\" \/>\n<meta property=\"og:locale\" content=\"nl_NL\" \/>\n<meta property=\"og:type\" content=\"article\" \/>\n<meta property=\"og:title\" content=\"Equal Basics - Equal Basics\" \/>\n<meta property=\"og:description\" content=\"Gedragsdeskundige met ervaring in de WMO, WLZ, Jeugdzorg, Forensische zorg en gehandicaptenzorg. Afgestudeerd als psycholoog, Psycholoog NIP en SKJ-geregistreerd in de kamer van Psychologen.\" \/>\n<meta property=\"og:url\" content=\"https:\/\/equalbasics.nl\/\" \/>\n<meta property=\"og:site_name\" content=\"Equal Basics\" \/>\n<meta property=\"article:modified_time\" content=\"2022-06-11T07:23:22+00:00\" \/>\n<meta property=\"og:image\" content=\"https:\/\/equalbasics.nl\/wp-content\/uploads\/2021\/03\/cropped-3-e1616517290261.jpg\" \/>\n\t<meta property=\"og:image:width\" content=\"2400\" \/>\n\t<meta property=\"og:image:height\" content=\"932\" \/>\n\t<meta property=\"og:image:type\" content=\"image\/jpeg\" \/>\n<meta name=\"twitter:card\" content=\"summary_large_image\" \/>\n<meta name=\"twitter:label1\" content=\"Geschatte leestijd\" \/>\n\t<meta name=\"twitter:data1\" content=\"2 minuten\" \/>\n<script type=\"application\/ld+json\" class=\"yoast-schema-graph\">{\"@context\":\"https:\/\/schema.org\",\"@graph\":[{\"@type\":\"Organization\",\"@id\":\"https:\/\/equalbasics.nl\/#organization\",\"name\":\"Equal Basics\",\"url\":\"https:\/\/equalbasics.nl\/\",\"sameAs\":[\"https:\/\/www.linkedin.com\/in\/colinevannunspeet\/\"],\"logo\":{\"@type\":\"ImageObject\",\"@id\":\"https:\/\/equalbasics.nl\/#logo\",\"inLanguage\":\"nl\",\"url\":\"https:\/\/equalbasics.nl\/wp-content\/uploads\/2020\/02\/Watermerk-Equalbasics-e1607504590972.png\",\"contentUrl\":\"https:\/\/equalbasics.nl\/wp-content\/uploads\/2020\/02\/Watermerk-Equalbasics-e1607504590972.png\",\"width\":945,\"height\":452,\"caption\":\"Equal Basics\"},\"image\":{\"@id\":\"https:\/\/equalbasics.nl\/#logo\"}},{\"@type\":\"WebSite\",\"@id\":\"https:\/\/equalbasics.nl\/#website\",\"url\":\"https:\/\/equalbasics.nl\/\",\"name\":\"Equal Basics\",\"description\":\"Gedragsdeskundige binnen de jeugd- en volwassenenzorg\",\"publisher\":{\"@id\":\"https:\/\/equalbasics.nl\/#organization\"},\"potentialAction\":[{\"@type\":\"SearchAction\",\"target\":{\"@type\":\"EntryPoint\",\"urlTemplate\":\"https:\/\/equalbasics.nl\/?s={search_term_string}\"},\"query-input\":\"required name=search_term_string\"}],\"inLanguage\":\"nl\"},{\"@type\":\"ImageObject\",\"@id\":\"https:\/\/equalbasics.nl\/#primaryimage\",\"inLanguage\":\"nl\",\"url\":\"https:\/\/equalbasics.nl\/wp-content\/uploads\/2021\/03\/cropped-3-e1616517290261.jpg\",\"contentUrl\":\"https:\/\/equalbasics.nl\/wp-content\/uploads\/2021\/03\/cropped-3-e1616517290261.jpg\",\"width\":2400,\"height\":932},{\"@type\":\"WebPage\",\"@id\":\"https:\/\/equalbasics.nl\/#webpage\",\"url\":\"https:\/\/equalbasics.nl\/\",\"name\":\"Equal Basics - Equal Basics\",\"isPartOf\":{\"@id\":\"https:\/\/equalbasics.nl\/#website\"},\"primaryImageOfPage\":{\"@id\":\"https:\/\/equalbasics.nl\/#primaryimage\"},\"datePublished\":\"2021-03-21T09:50:44+00:00\",\"dateModified\":\"2022-06-11T07:23:22+00:00\",\"description\":\"Gedragsdeskundige met ervaring in de WMO, WLZ, Jeugdzorg, Forensische zorg en gehandicaptenzorg. Afgestudeerd als psycholoog, Psycholoog NIP en SKJ-geregistreerd in de kamer van Psychologen.\",\"breadcrumb\":{\"@id\":\"https:\/\/equalbasics.nl\/#breadcrumb\"},\"inLanguage\":\"nl\",\"potentialAction\":[{\"@type\":\"ReadAction\",\"target\":[\"https:\/\/equalbasics.nl\/\"]}]},{\"@type\":\"BreadcrumbList\",\"@id\":\"https:\/\/equalbasics.nl\/#breadcrumb\",\"itemListElement\":[{\"@type\":\"ListItem\",\"position\":1,\"name\":\"equalbasics.nl\",\"item\":\"https:\/\/equalbasics.nl\/\"},{\"@type\":\"ListItem\",\"position\":2,\"name\":\"Gedragsdeskundige | Freelance | Interim | ZZP | WMO | WLZ | Jeugd | Gehandicaptenzorg | FZ\"}]}]}<\/script>\n<!-- \/ Yoast SEO plugin. -->","yoast_head_json":{"title":"Equal Basics - Equal Basics","description":"Gedragsdeskundige met ervaring in de WMO, WLZ, Jeugdzorg, Forensische zorg en gehandicaptenzorg. Afgestudeerd als psycholoog, Psycholoog NIP en SKJ-geregistreerd in de kamer van Psychologen.","robots":{"index":"index","follow":"follow","max-snippet":"max-snippet:-1","max-image-preview":"max-image-preview:large","max-video-preview":"max-video-preview:-1"},"canonical":"https:\/\/equalbasics.nl\/","og_locale":"nl_NL","og_type":"article","og_title":"Equal Basics - Equal Basics","og_description":"Gedragsdeskundige met ervaring in de WMO, WLZ, Jeugdzorg, Forensische zorg en gehandicaptenzorg. Afgestudeerd als psycholoog, Psycholoog NIP en SKJ-geregistreerd in de kamer van Psychologen.","og_url":"https:\/\/equalbasics.nl\/","og_site_name":"Equal Basics","article_modified_time":"2022-06-11T07:23:22+00:00","og_image":[{"width":2400,"height":932,"url":"https:\/\/equalbasics.nl\/wp-content\/uploads\/2021\/03\/cropped-3-e1616517290261.jpg","type":"image\/jpeg"}],"twitter_card":"summary_large_image","twitter_misc":{"Geschatte leestijd":"2 minuten"},"schema":{"@context":"https:\/\/schema.org","@graph":[{"@type":"Organization","@id":"https:\/\/equalbasics.nl\/#organization","name":"Equal Basics","url":"https:\/\/equalbasics.nl\/","sameAs":["https:\/\/www.linkedin.com\/in\/colinevannunspeet\/"],"logo":{"@type":"ImageObject","@id":"https:\/\/equalbasics.nl\/#logo","inLanguage":"nl","url":"https:\/\/equalbasics.nl\/wp-content\/uploads\/2020\/02\/Watermerk-Equalbasics-e1607504590972.png","contentUrl":"https:\/\/equalbasics.nl\/wp-content\/uploads\/2020\/02\/Watermerk-Equalbasics-e1607504590972.png","width":945,"height":452,"caption":"Equal Basics"},"image":{"@id":"https:\/\/equalbasics.nl\/#logo"}},{"@type":"WebSite","@id":"https:\/\/equalbasics.nl\/#website","url":"https:\/\/equalbasics.nl\/","name":"Equal Basics","description":"Gedragsdeskundige binnen de jeugd- en volwassenenzorg","publisher":{"@id":"https:\/\/equalbasics.nl\/#organization"},"potentialAction":[{"@type":"SearchAction","target":{"@type":"EntryPoint","urlTemplate":"https:\/\/equalbasics.nl\/?s={search_term_string}"},"query-input":"required name=search_term_string"}],"inLanguage":"nl"},{"@type":"ImageObject","@id":"https:\/\/equalbasics.nl\/#primaryimage","inLanguage":"nl","url":"https:\/\/equalbasics.nl\/wp-content\/uploads\/2021\/03\/cropped-3-e1616517290261.jpg","contentUrl":"https:\/\/equalbasics.nl\/wp-content\/uploads\/2021\/03\/cropped-3-e1616517290261.jpg","width":2400,"height":932},{"@type":"WebPage","@id":"https:\/\/equalbasics.nl\/#webpage","url":"https:\/\/equalbasics.nl\/","name":"Equal Basics - Equal Basics","isPartOf":{"@id":"https:\/\/equalbasics.nl\/#website"},"primaryImageOfPage":{"@id":"https:\/\/equalbasics.nl\/#primaryimage"},"datePublished":"2021-03-21T09:50:44+00:00","dateModified":"2022-06-11T07:23:22+00:00","description":"Gedragsdeskundige met ervaring in de WMO, WLZ, Jeugdzorg, Forensische zorg en gehandicaptenzorg. Afgestudeerd als psycholoog, Psycholoog NIP en SKJ-geregistreerd in de kamer van Psychologen.","breadcrumb":{"@id":"https:\/\/equalbasics.nl\/#breadcrumb"},"inLanguage":"nl","potentialAction":[{"@type":"ReadAction","target":["https:\/\/equalbasics.nl\/"]}]},{"@type":"BreadcrumbList","@id":"https:\/\/equalbasics.nl\/#breadcrumb","itemListElement":[{"@type":"ListItem","position":1,"name":"equalbasics.nl","item":"https:\/\/equalbasics.nl\/"},{"@type":"ListItem","position":2,"name":"Gedragsdeskundige | Freelance | Interim | ZZP | WMO | WLZ | Jeugd | Gehandicaptenzorg | FZ"}]}]}},"_links":{"self":[{"href":"https:\/\/equalbasics.nl\/index.php?rest_route=\/wp\/v2\/pages\/142"}],"collection":[{"href":"https:\/\/equalbasics.nl\/index.php?rest_route=\/wp\/v2\/pages"}],"about":[{"href":"https:\/\/equalbasics.nl\/index.php?rest_route=\/wp\/v2\/types\/page"}],"author":[{"embeddable":true,"href":"https:\/\/equalbasics.nl\/index.php?rest_route=\/wp\/v2\/users\/1"}],"replies":[{"embeddable":true,"href":"https:\/\/equalbasics.nl\/index.php?rest_route=%2Fwp%2Fv2%2Fcomments&post=142"}],"version-history":[{"count":18,"href":"https:\/\/equalbasics.nl\/index.php?rest_route=\/wp\/v2\/pages\/142\/revisions"}],"predecessor-version":[{"id":304,"href":"https:\/\/equalbasics.nl\/index.php?rest_route=\/wp\/v2\/pages\/142\/revisions\/304"}],"wp:featuredmedia":[{"embeddable":true,"href":"https:\/\/equalbasics.nl\/index.php?rest_route=\/wp\/v2\/media\/242"}],"wp:attachment":[{"href":"https:\/\/equalbasics.nl\/index.php?rest_route=%2Fwp%2Fv2%2Fmedia&parent=142"}],"curies":[{"name":"wp","href":"https:\/\/api.w.org\/{rel}","templated":true}]}}